36 - -4. What is the units digit of h?
0
Suppose 0 = t + 3*t - 68. What is the units digit of t?
7
Suppose -5*y - 402 + 1067 = 0. What is the units digit of y?
3
Suppose x - 32 = -5*n, 3*n = 5*x + 4*n - 64. Suppose 2*h + 31 = -d - 4*d, -5*d - 29 = 3*h. Let o = d + x. What is the units digit of o?
5
Let y(s) = -s**2 + 10*s - 12. Let t be y(9). What is the units digit of (-1)/t - (-5)/3?
2
Let z = -29 + 78. Let y = z + -2. What is the tens digit of y?
4
Let c = -25 + 17. Let w = c + 10. What is the units digit of w?
2
What is the units digit of (15/10)/(6/104)?
6
Let p = 8 - 6. Suppose 3*i + 1 = 2*a, 8 = -p*i + 7*a - 2*a. What is the units digit of i?
1
Let g(v) = 2*v**2 - 16*v - 8. What is the units digit of g(9)?
0
Let o be (-4 - -2) + 6 + 0. Let t = o - -5. What is the units digit of t?
9
Let t = -22 - -22. Suppose t = 3*u - 2*x + 6*x - 116, 5*x + 45 = u. What is the units digit of u?
0
Let a = 5 + -3. What is the units digit of a*(39/(-2))/(-3)?
3
Suppose 0 = -2*u - 8, v + 2*u - 5 = u. Suppose -q + 2 + v = 0. What is the tens digit of q?
1
Let i(p) = 65*p + 3. What is the units digit of i(3)?
8
Suppose k = 4*k + 63. Let a = k - -31. What is the units digit of a?
0
Let s be -6*3/(-6) - -2. Let a = s - 3. Suppose -a*o = o - 27. What is the units digit of o?
9
Let m(k) be the second derivative of k**5/20 + k**4/2 - k**3/3 - 3*k**2 + k. Let i be m(-6). Suppose -i = l - 3, 3*s + 5*l = 30. What is the units digit of s?
5
Suppose 0 = u - 9 - 0. Let x = -3 + u. What is the units digit of x?
6
Let r(z) = -4*z**2 - 8*z + 5. Let d(i) = i**2 + i - 1. Let f(g) = 6*d(g) + r(g). Let q be f(-1). What is the tens digit of ((-3)/2)/(q/(-24))?
1
Suppose f - 3*n - 16 = 0, -f - 4*f - n + 48 = 0. Let q = f + -7. What is the units digit of q - (-2 + (-2 - -2))?
5
What is the units digit of (-264)/(-45) - 6/(-45)?
6
Let l = -15 + 34. Suppose g + 3*n - 5*n + 2 = 0, -3*g = -n - l. What is the units digit of g?
8
Suppose 12 - 8 = x. Let t(l) = -l**3 + 6*l**2 - 3. What is the units digit of t(x)?
9
Suppose 2*v + z - 760 = -3*v, 0 = v - z - 158. What is the tens digit of v?
5
Suppose -15 - 5 = -5*v, -h - 4*v = -23. Suppose 4*a + 192 = 2*d, 5*d = -13 - h. What is the units digit of (-4)/(-18) - a/18?
3
Let b(x) = 2*x**2 - 7*x + 4. What is the tens digit of b(-7)?
5
Let g = -13 + 69. What is the tens digit of g?
5
Let g be -5*2*48/20. Let y = -16 - g. What is the units digit of y?
8
Let v(g) = g + 46. What is the units digit of v(0)?
6
Suppose -160 = -5*f - u, 5*f + 2*u + 11 = 176. What is the tens digit of f?
3
Suppose 4*g + 0*g - 5*r - 17 = 0, 4*g = 2*r + 14. Let a(n) = -n**2 + n + 27. Let q be a(0). Suppose -q + g = -4*i. What is the units digit of i?
6
Let t = 7 - -8. Let h be 5*2*3/15. Suppose -t = -r - h*r. What is the units digit of r?
5
Suppose -5*d + 2 = -8. Suppose -6*u + d*u = -64. What is the tens digit of u?
1
Let j(r) = 2*r**2 - r + 2. Let l = -7 + 10. What is the tens digit of j(l)?
1
Let r(h) = 3*h - 3. Let g be r(-3). What is the units digit of -2 - (-1 + 1) - g?
0
Let j(s) = s**3 - 13*s**2 - 2*s + 8. Let n be j(13). Let y = n + 31. What is the units digit of y?
3
Let b(x) be the third derivative of 2/3*x**3 - 7/24*x**4 - x**2 + 0 + 0*x + 1/120*x**6 - 1/10*x**5. What is the units digit of b(7)?
4
Let i be (1 + (-1 - 0))/(-2). Suppose -t - 5*n - 27 = i, 6*n + 21 = -3*t + 3*n. What is the units digit of t/8 + (-15)/(-12)?
1
Let g be (-22)/4*32/(-8). Let p = g - -10. What is the tens digit of p?
3
What is the tens digit of 3 - ((-4590)/24 + (-1)/(-4))?
9
Suppose -5*l - 2 = 18. Let r = -1 + l. Let a = r + 6. What is the units digit of a?
1
Let v = 18 - 17. What is the tens digit of (0 + v)/((-5)/(-165))?
3
Let z be 4/2*40/16. Suppose 0 - 5 = t, 0 = -2*y - z*t + 53. What is the tens digit of y?
3
Suppose 2*b = -13 + 5. What is the units digit of b/3*351/(-18)?
6
Let l = 90 + 5. Let p = l + -55. What is the tens digit of p?
4
Let x(i) be the second derivative of i**3/6 - i**2 + i. Let m(g) = -g + 14. Let l be m(6). What is the units digit of x(l)?
6
Let u = 0 - -5. Suppose -u*y + 2*y + 57 = 0. Suppose 0 = c - 2*c + y. What is the tens digit of c?
1
Let g = 10 + -2. What is the units digit of g + -2 + 2 + -1?
7
Suppose -3*u + u = 0. Let v(x) = -x**3 + x**2 - x + 1. Let z be v(u). Let s(o) = 16*o**2 - 2*o + 1. What is the tens digit of s(z)?
1
Suppose 3*c - 45 - 447 = 0. What is the tens digit of c?
6
Let d(u) = -u**3 - 9*u**2 + 4*u + 5. Let p be d(-9). Let w = -22 - p. Let j = w + -1. What is the units digit of j?
8
What is the units digit of (-104)/(-6)*42/14?
2
Let k(a) = a**2 + 2*a + 2. Let q be k(-4). Let u = q - 6. What is the units digit of u?
4
Suppose -4*x - 5*z - 5 = 0, -3*z - 3 = -3*x - 0. Suppose x = 2*i - 4*m - 84, 3*m = i - m - 42. What is the tens digit of i?
4
Suppose 5*k - 80 = -4*s, 0 = -5*k - 3*s - 3 + 83. What is the tens digit of k?
1
Suppose w = -0*g - 2*g - 33, w = 5. Let z = -10 - g. What is the units digit of (-58)/(-18) - 2/z?
3
Suppose 0 = -2*f + 10, -1 - 3 = q - 4*f. Suppose 0 = 3*w + w - q. Suppose 4*g - 4*m - 19 = 17, -20 = w*m. What is the units digit of g?
4
Let d(j) = j + 10. Let z be d(-9). What is the units digit of 9 + z - (-2)/(-1)?
8
Suppose 0 = -2*l + 4 + 6. Let b(p) = 7*p**2 + 2*p + 1. Let m be b(-1). Suppose -2*v - m = -4*h, -l*v = -v - h - 9. What is the units digit of v?
3
What is the units digit of 4/(-14) + (-32)/(-112) - -58?
8
Let p(v) = -138*v + 1. Let z be p(-1). Suppose 3*b + 3*k = 81, 2*k = -5*b - 2*k + z. What is the units digit of b?
1
Let n = 28 - -6. Suppose 7*r = 2*r - 20. What is the units digit of (-2 - 0)*n/r?
7
Suppose -4*v + 4 = 12, 3*v + 106 = 4*c. What is the tens digit of 2/5*c/1?
1
Let j = 105 + -69. What is the tens digit of 8/j - (-194)/18?
1
Suppose 17 - 23 = 2*x. Let g(z) = z - 2. Let b be g(0). Let h = b - x. What is the units digit of h?
1
Suppose 5*t + 188 = 9*t. What is the units digit of t?
7
Let a be 9/7 + 4/(-14). Let d be (-7)/(-2) + a/2. Suppose -d*u = -5*u + 8. What is the units digit of u?
8
Suppose 2*g = 4*y - 14, -4*y + 2*g + g + 13 = 0. What is the units digit of y?
4
Let d be (9/6 + -2)*0. Suppose -3*x = 3*l - 9 - 0, 0 = -3*l + 5*x - 7. Suppose g - 2 + l = d. What is the units digit of g?
1
Let g = 5 + -5. Let f = g + 2. What is the units digit of f?
2
Suppose k - 3 = -2*k. What is the units digit of k - (0 - 4 - 14)?
9
What is the tens digit of (-1)/((-3)/63 - 0)?
2
Let s be 4/8 - 123/(-6). Let t be 6/(-2 - s/(-6)). Suppose t*y - 46 = 2*y + 4*v, 5*y - 95 = 5*v. What is the tens digit of y?
1
Suppose 0 = 3*y, 317 = 2*j - 5*y - 117. What is the hundreds digit of j?
2
Suppose -14 = -3*s + 208. What is the units digit of s?
4
Let i be ((-104)/6)/(14/(-63)). Suppose 80 = 5*w + 5*k, -w - i = -5*w + 3*k. What is the tens digit of w?
1
Let k(l) = l + 12. Let m(x) = x**3 + 7*x**2 + x + 9. Let u be m(-7). Suppose -3*a + 19 = -5*s, -3*s - 5*a - 35 = u*s. What is the units digit of k(s)?
7
Let m(j) = -j**2 - 7*j - 3. Let o be m(-6). What is the tens digit of o + (-7)/((-21)/30)?
1
Suppose -4*r - 9 + 17 = 0. Let v(b) = -2*b**2 - b + 4. Let g(l) = 3*l**2 + 2*l - 5. Let y(d) = 3*g(d) + 4*v(d). What is the units digit of y(r)?
9
Suppose -3*b - 2*k + 30 = -b, b = k + 23. What is the tens digit of b?
1
Let k(x) = 3 - x**2 + 5*x + 2 - 9. What is the units digit of k(3)?
2
Suppose 3*r + 172 = 706. What is the units digit of r?
8
Suppose 4*u = 3*y + 426, 10*u - 12*u = -3*y - 210. What is the hundreds digit of u?
1
Suppose -16 = 3*s - 46. What is the units digit of s?
0
Suppose -31 + 11 = -5*k. What is the units digit of k?
4
Suppose -5*u + 15 + 10 = 0. What is the units digit of u?
5
What is the tens digit of 6/(-4) + (-4505)/(-34)?
3
Let m be 4/18 - (-158)/18. Suppose -1 = 4*w - m. What is the units digit of w?
2
Suppose -8 = 39*t - 41*t. What is the units digit of t?
4
Let c(v) = v + 4. Let g be c(-3). What is the units digit of (42/8)/(g/4)?
1
Suppose 0 = 3*j - 0*j + 48. Suppose -3*i - w = -0*i - 7, 2*i + 7 = -3*w. What is the units digit of i/j - (-10)/8?
1
Let a be (-1)/3 - (-32)/6. Let k be (-256)/(-6) - 2/(-6). Suppose a*m - 42 = k. What is the tens digit of m?
1
Let b be 3 + -2 - 0 - -1. Suppose 9*t = 2194 - 268. What is the units digit of t/10 - b/5?
1
Let f(i) = -i**3 - 8*i**2 - 7*i - 